 -3*y - v = -3*q + 37. Is q a composite number?
True
Let o = 0 - 2. Is (4/(-6))/(o/30) composite?
True
Suppose 0*j + j - 2 = 0. Suppose 5*r = 3*l + 35 - 4, -j*r = -3*l - 16. Is (9 + l)/(1/3) prime?
False
Let j(c) = 96*c**2 - 1. Let q be j(1). Suppose -5*o - 252 = -3*n, -2*o = -n - 4*o + q. Is n composite?
False
Is 331*(-1)/((-2)/2) composite?
False
Suppose -3*q + 194 + 179 = -y, -143 = -q + 5*y. Suppose 0 = 4*b - 57 - 231. Suppose -b = -5*i + q. Is i composite?
True
Let n(z) = 47*z**3 - 3*z**2 + 6*z - 7. Is n(3) composite?
True
Let v(l) = l**2 + 23. Suppose 0*m + 4*m + y = 8, 0 = 4*y + 16. Suppose m*o = 2*k + 2, -2*k - 1 = 1. Is v(o) a composite number?
False
Suppose 9*l - 3897 = 6*l. Is l prime?
False
Let z(i) = -108*i - 12. Let c be z(-6). Suppose -6*f + c = -0*f. Is f a prime number?
False
Suppose -4*z + 102 = -z. Is (-3 - z)/(0 + -1) a prime number?
True
Let c be (9 - 10)*(-3 + 0). Suppose 5*f - 102 = c*f. Is f composite?
True
Suppose -6458 = 5*f - 7*f. Is f composite?
False
Let r(v) = 3*v**2 + 3*v - 11. Is r(5) prime?
True
Suppose -2*u + 3 + 5 = 0. Suppose u*a = -2*g - 12, -4*a + 2 = -a - 4*g. Is -71*(1 + a)/1 composite?
False
Suppose -1528 = -3*r + 8837. Is r a composite number?
True
Suppose -5*v - 2*g - 40 = 3*g, 3*g = -v - 2. Let y(f) be the third derivative of -f**6/120 - f**5/5 - 13*f**4/24 + 5*f**3/2 - 3*f**2. Is y(v) a prime number?
True
Let i(n) = -2*n - 8. Let y be i(-7). Suppose -2*x + y*x = 380. Is x composite?
True
Let x(a) = -a**3 + 4*a**2 - 2*a - 3. Let h be x(3). Suppose o + 26 = 3*r, -3*r - 4*o - 2 + 18 = h. Is r/6 + (-6)/(-9) a composite number?
False
Suppose 0 = -3*q - v + 4601, -2601 = -3*q + 5*v + 2024. Is q prime?
False
Suppose g - 2361 = -2*g. Is g composite?
False
Let w(u) = u**2 - 4*u + 3. Let c be w(3). Suppose v - 8 - 14 = c. Is v a prime number?
False
Let s = 215 - 76. Is s a prime number?
True
Suppose -2*b = -3 - 1. Is b/(-3) + 88/6 composite?
True
Suppose -64 + 229 = 3*j. Is j prime?
False
Is 9066/10 - (-2)/5 a prime number?
True
Is 425 - ((-2 - -9) + -4) a prime number?
False
Let z be (8/10)/(8/20). Suppose 0*g - 187 = -5*g + u, 5*u - 64 = -z*g. Is g a composite number?
False
Is (-4 - -1) + (-9)/(36/(-1648)) composite?
False
Let z(y) = y**3 - 5*y**2 + 5*y - 9. Is z(8) a prime number?
True
Let p(o) = -o**3 - 5*o**2 - 2*o - 33. Is p(-14) a composite number?
False
Suppose -2*j = 2*f - 1479 - 6171, 0 = -5*j + 3*f + 19101. Let l be (-2)/(-6) + j/9. Suppose -t = -2*v + l, -v + 263 = -4*t + 68. Is v prime?
False
Suppose 4*f - 133 + 3752 = 3*j, 1238 = j + 5*f. Is j a composite number?
False
Suppose -2*a + 6 = 4*p, -3*p = 4*a - 2 + 5. Let z = -16 - a. Let x = z + 27. Is x prime?
False
Let i(z) = -4 + 6*z - 2*z**2 - 3*z**2 + z**3 - 2. Let q be i(4). Suppose q*t - 13 = 25. Is t composite?
False
Let i(w) = -431*w - 2. Let j be i(-1). Let h = j + -274. Is h a composite number?
True
Suppose p + 0*p - 4 = 0. Suppose -5*b - p*v = -9, -4*b - 4 = 4*v - 8. Suppose 7 + 8 = 5*n, -159 = -2*a + b*n. Is a a composite number?
True
Suppose 0*o = -3*n - 4*o, 0 = 4*o. Let s = n - -2. Is s/(-6)*(1 + -76) prime?
False
Let g(y) = 10*y**2 - 2*y + 11. Is g(7) composite?
False
Suppose -5*i = -4*a - 6119, -7*a + 5*a - 6127 = -5*i. Is i composite?
True
Let y(d) be the second derivative of -7*d**5 - d**4/12 + 4*d. Is y(-1) a composite number?
False
Is 1657*(-2 - (-6 + 3)) a prime number?
True
Suppose 5 = -t - 5*m, -4 = -t - 2*m + 6*m. Suppose t*h + h - 411 = -4*j, -h + 4*j + 427 = 0. Is h a composite number?
False
Suppose -6*w + 39594 = -0*w. Is w a prime number?
True
Is ((2 - 3)*149)/(-1) prime?
True
Let l(q) = -q**3 - 5*q**2 - 6*q - 3. Let s be l(-4). Suppose -2*b - i = -333 - 54, s*i = -5*b + 980. Is b a prime number?
True
Let z = 7 - 4. Let g(n) = 0*n**3 + 5*n**2 - 2 + n**3 - 2*n**z. Is g(4) composite?
True
Let n be -2 + 2/1 + 5. Suppose -2*c + 4*c = 8, -2*x = -n*c - 72. Is x a composite number?
True
Let h(l) = -21*l + 1. Let k(y) = -10*y + 1. Let o(s) = -6*h(s) + 11*k(s). Suppose -17 = -2*v - 7. Is o(v) a composite number?
True
Let r(c) = 67*c - 5. Let m(l) = l - 1. Let u(f) = 4*m(f) - r(f). Is u(-4) a prime number?
False
Suppose 4*i = 3*c + 30, 5*i - c - c = 41. Suppose -10*j + i*j = -9. Is j prime?
False
Let r(q) = q**2 + 5*q - 4. Let b be r(-5). Let n(j) = j**3 + 5*j**2 + 3*j - 2. Is n(b) a composite number?
False
Suppose 3*w = -1095 + 2766. Is w a composite number?
False
Let p = -9 - -158. Is p prime?
True
Suppose -3*l = -120 - 213. Is l a composite number?
True
Suppose -5*m = a - 16, -3*a - 2*a + 2*m = 28. Let z = a + 4. Suppose -12 = 3*f, z*f = -3*t + 5*f + 62. Is t prime?
False
Suppose -5*x + 1823 - 298 = 0. Is x composite?
True
Suppose 3*b = 3*f - 894, 0*f - f = -5*b - 294. Is f prime?
False
Let w(p) = p**3 + 9*p**2 - 9*p + 12. Let r be w(-10). Suppose 0 = r*k + 2*k - 88. Suppose -2*g + k = -0*g. Is g a composite number?
False
Let t = 7 - 5. Suppose 133 + 25 = t*m. Is m a composite number?
False
Suppose -11791 = -15*v + 2*v. Is v prime?
True
Suppose -4*v - d + 470 = 2*d, 0 = d + 2. Is v a composite number?
True
Suppose -5*a - 4*d - 11 = -5*d, a - 3*d = -5. Let g = 49 - -28. Let u = g - a. Is u a prime number?
True
Suppose 4*i = -2*v, 0*i - 33 = 5*v - i. Is 2/(-3) + (-586)/v prime?
True
Suppose 8*z = -l + 3*z - 132, l + 3*z + 138 = 0. Let n = l + 330. Let r = n + -64. Is r prime?
False
Let k(c) = -16*c + 11. Is k(-20) a prime number?
True
Suppose 3*w + 0*w = 6. Suppose -w*t = -5*t + 30. Is (-2)/t - (-166)/5 a composite number?
True
Is 14/12 + -1 - (-38508)/72 prime?
False
Suppose 0 = -3*q + 3*y + 2664, 5*q - y - 4444 = -0*y. Is q a composite number?
True
Suppose -21 + 0 = -5*j - z, 0 = j - 4*z - 21. Suppose -202 = -j*q + 123. Suppose -100 = -5*l + q. Is l composite?
True
Let x(n) = 17*n**2 - 7*n - 5. Is x(4) composite?
False
Let f(p) = 5*p + 3 + 4 + 2*p**2 - p**2. Let w(d) = d**3 + 8*d**2 - 7. Let m be w(-8). Is f(m) a prime number?
False
Suppose 4*w - 420 = 752. Is w a prime number?
True
Let h be (-3)/(-4) + 45/20. Is (-5)/1 + h + 163 a prime number?
False
Suppose -3*g - 3*r = -267, -6*g - 4*r + 445 = -g. Is g composite?
False
Suppose -3*h - 5*j + 3118 = -2164, 0 = -h + 2*j + 1757. Is h composite?
False
Let p = 5429 - 3252. Is p prime?
False
Let z be (-1)/(-2) - (-3)/(-6). Suppose r = -5*y + 163, 3*r + 4*y - 176 - 269 = z. Is r prime?
False
Let q(b) = 10*b**2 + 1. Let n be q(2). Suppose 0 = -4*g + n + 291. Is g composite?
False
Suppose 2*c - 5*y - 426 = 92, 4*y - 777 = -3*c. Is c a composite number?
True
Let d(p) = 8*p + 39. Is d(11) composite?
False
Let j be (8/(-4))/(1/(-26)). Let l = 22 + j. Is l prime?
False
Let p(g) = g**3 - 3*g**2 - 5*g. Let d be p(4). Let h be 16/6 - d/12. Suppose -h*j - 42 = -2*i, 0*i = 4*i + j - 84. Is i a composite number?
True
Suppose -3*s = 251 + 2011. Let q = s - -1151. Is q composite?
False
Let u = -9 + 0. Let o = 28 + u. Is o a composite number?
False
Suppose -p = -4*p + 105. Is p a composite number?
True
Suppose 0 = -3*k + 14 + 385. Is k prime?
False
Suppose -1555 = -4*r + s, 0 = 5*r - 0*s - 5*s - 1940. Is r composite?
False
Let x(c) = -3*c - 4. Let n be x(-4). Suppose -4*a + n = -0. Suppose -a*f + 57 = f. Is f composite?
False
Suppose 8 = 4*d - 4*v, -v = 2 - 0. Is 145 - d/(-3 - -4) composite?
True
Suppose -42 = 5*h + 28. Let f = 16 - h. Suppose 5*v - f - 20 = 0. Is v a prime number?
False
Suppose -2*q + 0*q = -14. Suppose 2*c - q = 7. Is c a prime number?
True
Let w be 1/((-1)/(-179))*1. Suppose 0 = 5*j + 1659 - w. Let o = j + 487. Is o a prime number?
True
Is 1033/2 + 14/28 a composite number?
True
Suppose 5*b - 27 + 9 = 4*m, -5*b = -3*m - 16. Let h = b - -11. Is h a composite number?
False
Let b(c) = c**3 + 5*c**2 - 4*c - 1. Suppose -4 = 3*f + j - 3*j, -4*f - 2*j + 18 = 0. Let l(h) = h**3 - 3*h + 2. Let d be l(f). Is b(d) composite?
False
Let z(r) = -36*r**3 - 3*r - 5. Is z(-2) a prime number?
False
Let l be 1490/15 - 1/3. Let f = 596 - l. Is f a prime number?
False
Let m(x) = -18*x + 3. Is m(-6) composite?
True
Let o(k) = -k - 10. Let b be o(-8). Let s(t) = t**2 - t - 169. Let x(n) = -3*n**2 + 3*n + 338. Let z(y) = b*x(y) - 5*s(y). Is z(0) prime?
False
Suppose 0*k - k = 0. Suppose 3*f - 2*f - 31 = k. Is f a prime number?
True
Suppose -3*x = -3*f - 4491, 0*f - 4*x + 2994 = -2*f. Is (-10)/(-5)